 13.
-9
What is 132 (base 6) in base 2?
111000
What is -4 (base 12) in base 6?
-4
What is 2 (base 11) in base 2?
10
-213 (base 4) to base 3
-1110
Convert -10010000 (base 2) to base 4.
-2100
100100 (base 2) to base 11
33
15f (base 16) to base 5
2401
What is -25 (base 14) in base 7?
-45
Convert -10 (base 8) to base 14.
-8
What is -122 (base 4) in base 10?
-26
What is 0 (base 3) in base 15?
0
What is 10 (base 8) in base 12?
8
Convert -1 (base 8) to base 14.
-1
Convert 323 (base 4) to base 9.
65
-1210 (base 3) to base 8
-60
What is -54 (base 9) in base 5?
-144
What is -11 (base 12) in base 6?
-21
-1 (base 14) to base 10
-1
What is -1 (base 10) in base 3?
-1
Convert 311 (base 4) to base 14.
3b
0 (base 15) to base 9
0
-4 (base 15) to base 9
-4
Convert -20 (base 4) to base 15.
-8
Convert 3 (base 7) to base 9.
3
What is -12102 (base 3) in base 2?
-10010010
What is -2 (base 3) in base 5?
-2
Convert -12 (base 5) to base 13.
-7
12 (base 9) to base 12
b
Convert 114 (base 5) to base 2.
100010
Convert 113 (base 6) to base 2.
101101
What is 2 (base 16) in base 11?
2
Convert 5 (base 6) to base 4.
11
Convert 20 (base 3) to base 5.
11
What is 16 (base 12) in base 15?
13
Convert 6 (base 11) to base 6.
10
What is -258 (base 11) in base 5?
-2210
What is 10 (base 2) in base 8?
2
Convert -3 (base 10) to base 12.
-3
What is 35 (base 9) in base 7?
44
What is 131 (base 4) in base 7?
41
-1 (base 9) to base 16
-1
What is 13 (base 5) in base 8?
10
Convert 1303 (base 4) to base 13.
8b
-7 (base 14) to base 5
-12
180 (base 13) to base 2
100010001
-4 (base 11) to base 5
-4
What is -213 (base 8) in base 4?
-2023
What is -3 (base 8) in base 10?
-3
What is 2 (base 11) in base 5?
2
What is 1 (base 2) in base 12?
1
Convert 10 (base 7) to base 8.
7
What is -12 (base 6) in base 5?
-13
What is 13 (base 4) in base 7?
10
What is 12011 (base 3) in base 5?
1024
1 (base 4) to base 12
1
What is 18 (base 12) in base 16?
14
What is -14 (base 6) in base 5?
-20
18 (base 13) to base 5
41
Convert 120 (base 3) to base 15.
10
-11 (base 3) to base 12
-4
0 (base 16) to base 13
0
Convert 232 (base 6) to base 7.
161
What is 60 (base 9) in base 10?
54
What is -92 (base 14) in base 8?
-200
What is 0 (base 5) in base 2?
0
Convert 10100 (base 2) to base 11.
19
What is 2 (base 15) in base 16?
2
202 (base 3) to base 14
16
What is -3 (base 13) in base 12?
-3
-12 (base 3) to base 2
-101
Convert 1 (base 4) to base 3.
1
3 (base 8) to base 15
3
What is 3 (base 13) in base 11?
3
What is -2 (base 15) in base 11?
-2
What is -2 (base 14) in base 15?
-2
What is -4 (base 6) in base 14?
-4
Convert -b (base 15) to base 7.
-14
-4 (base 5) to base 10
-4
23 (base 4) to base 10
11
Convert 57 (base 11) to base 16.
3e
What is 1 (base 12) in base 4?
1
What is 3 (base 12) in base 3?
10
-77 (base 11) to base 16
-54
Convert -145 (base 6) to base 11.
-5a
-53 (base 15) to base 11
-71
What is 10 (base 5) in base 16?
5
What is 1 (base 8) in base 3?
1
What is 24 (base 10) in base 8?
30
Convert 239 (base 11) to base 2.
100011100
Convert -3 (base 5) to base 13.
-3
31 (base 10) to base 11
29
0 (base 13) to base 7
0
-2 (base 10) to base 9
-2
3 (base 15) to base 12
3
What is -249 (base 12) in base 6?
-1333
10 (base 4) to base 15
4
54 (base 10) to base 14
3c
0 (base 14) to base 13
0
-6 (base 9) to base 4
-12
Convert 12 (base 6) to base 14.
8
Convert -1000 (base 5) to base 7.
-236
What is 1010 (base 2) in base 6?
14
-4 (base 14) to base 4
-10
2 (base 3) to base 10
2
What is 6 (base 15) in base 10?
6
-101 (base 2) to base 13
-5
1100 (base 2) to base 9
13
Convert -6 (base 15) to base 4.
-12
Convert 0 (base 15) to base 7.
0
-5 (base 11) to base 10
-5
Convert 2 (base 16) to base 4.
2
What is -1 (base 16) in base 15?
-1
Convert -3 (base 6) to base 3.
-10
Convert -550 (base 8) to base 15.
-190
What is 1010111 (base 2) in base 16?
57
-2 (base 5) to base 9
-2
What is 10a (base 13) in base 10?
179
-1 (base 7) to base 4
-1
What is -1 (base 6) in base 4?
-1
4a (base 15) to base 9
77
-71 (base 16) to base 15
-78
Convert -33 (base 5) to base 14.
-14
What is 46 (base 7) in base 15?
24
What is -34 (base 8) in base 4?
-130
-9 (base 14) to base 3
-100
What is 1113 (base 6) in base 7?
522
-15 (base 14) to base 8
-23
What is -31 (base 16) in base 10?
-49
What is -10 (base 9) in base 8?
-11
-12001 (base 3) to base 15
-91
Convert -61 (base 16) to base 3.
-10121
6 (base 12) to base 9
6
1000 (base 2) to base 9
8
85 (base 12) to base 15
6b
Convert 4 (base 7) to base 3.
11
1 (base 11) to base 15
1
Convert -3f (base 16) to base 14.
-47
What is 10200 (base 3) in base 14?
71
Convert -1110 (base 2) to base 4.
-32
-25 (base 12) to base 10
-29
What is -121 (base 4) in base 2?
-11001
What is 7a (base 12) in base 14?
6a
What is -111 (base 3) in base 5?
-23
What is -26 (base 10) in base 8?
-32
What is -41 (base 5) in base 3?
-210
Convert -110 (base 2) to base 7.
-6
2 (base 9) to base 14
2
3 (base 10) to base 13
3
What is -10 (base 9) in base 2?
-1001
25 (base 8) to base 7
30
7 (base 9) to base 2
111
17 (base 9) to base 15
11
Convert 101122 (base 3) to base 11.
241
What is -2 (base 10) in base 15?
-2
-21 (base 4) to base 11
-9
What is -10021 (base 3) in base 5?
-323
What is -10 (base 2) in base 10?
-2
Convert -5 (base 10) to base 3.
-12
d7 (base 15) to base 9
244
Convert 7 (base 14) to base 2.
111
What is -80 (base 16) in base 3?
-11202
Convert -93 (base 12) to base 8.
-157
What is -1 (base 12) in base 16?
-1
5 (base 12) to base 15
5
5 (base 10) to base 7
5
0 (base 13) to base 8
0
-4 (base 9) to base 15
-4
Convert a (base 14) to base 5.
20
Convert -25 (base 12) to base 9.
-32
Convert 155 (base 6) to base 15.
4b
What is -3a (base 14) in base 7?
-103
8 (base 14) to base 2
1000
-100012 (base 3) to base 2
-11111000
What is 10 (base 4) in base 2?
100
Convert -118 (base 14) to base 13.
-13a
Convert -113 (base 4) to base 14.
-19
Convert -403 (base 5) to base 3.
-10211
11232 (base 4) to base 3
111120
6 (base 8) to base 6
10
Convert 2203 (base 4) to base 5.
1123
Convert -24 (base 11) to base 9.
-28
Convert -55 (base 7) to base 8.
-50
Convert -72 (base 9) to base 8.
-101
Convert 8 (base 11) to base 12.
8
Convert 0 (base 11) to base 16.
0
Convert 4 (base 15) to base 13.
4
What is -2 (base 8) in base 10?
-2
Convert 12 (base 8) to base 11.
a
Convert 0 (base 10) to base 16.
0
What is -1100000 (base 2) in base 9?
-116
What is 3 (base 9) in base 15?
3
-10 (base 8) to base 14
-8
What is -4 (base 5) in base 4?
-10
Convert -26 (base 14) to base 8.
-42
-3 (base 14) to base 10
-3
Convert 37 (base 12) to base 5.
133
What is -4 (base 14) in base 9?
-4
What is -13 (base 5) in base 7?
-11
What is 2e (base 16) in base 13?
37
-10010010 (base 2) to base 7
-266
13 (base 11) to base 9
15
3231 (base 4) to base 2
11101101
What is -3 (base 7) in base 13?
-3
20 (base 4) to base 2
1000
What is 63 (base 7) in base 8?
55
-da (base 14) to base 6
-520
What is 12 (base 4) in base 9?
6
10 (base 10) to base 6
14
-33 (base 7) to base 8
-30
What is 2 (base 4) in base 13?
2
-11201 (base 3) to base 8
-177
-5 (base 9) to base 2
-101
1 (base 13) to base 2
1
344 (base 6) to base 7
253
Convert -12 (base 6) to base 11.
-8
What is 2 (base 11) in base 16?
2
Convert -4 (base 9) to base 12.
-4
3 (base 12) to base 3
10
Convert 126 (base 10) to base 5.
1001
What is 1 (base 14) in base 12?
1
What is 1 (base 15) in base 13?
1
97 (base 14) to base 12
b1
-51 (base 11) to base 5
-211
Convert 18 (base 14) to base 6.
34
-33 (base 6) to base 14
-17
What is 303 (base 8) in base 13?
120
What is -1 (base 9) in base 11?
-1
What is 20 (base 8) in base 5?
31
Convert 1 (base 7) to base 11.
1
Convert -56 (base 16) to base 15.
-5b
Convert 19 (base 11) to base 8.
24
What is 4 (base 13) in base 14?
4
12 (base 7) to base 13
9
42 (base 5) to base 10
22
133 (base 5) to base 16
2b
-365 (base 7) to base 5
-1234
Convert -e5 (base 16) to base 11.
-199
What is 2 (base 14) in base 2?
10
What is 123 (base 14) in base 6?
1015
Convert 2 (base 15) to base 11.
2
What is -4 (base 13) in base 16?
-4
4 (base 5) to base 14
4
What is -2 (base 11) in base 3?
-2
Convert 6 (base 7) to base 11.
6
What is -2 (base 9) in base 10?
-2
What is -231 (base 4) in base 15?
-30
-6 (base 9) to base 2
-110
What is 3 (base 16) in base 11?
3
-34 (base 7) to base 2
-11001
Convert -2